{"id":2476,"date":"2026-04-14T10:10:19","date_gmt":"2026-04-14T10:10:19","guid":{"rendered":"https:\/\/shop.macjes-fashion.at\/?post_type=product&#038;p=2476"},"modified":"2026-04-14T10:43:31","modified_gmt":"2026-04-14T10:43:31","slug":"dagmar","status":"publish","type":"product","link":"https:\/\/shop.macjes-fashion.at\/index.php\/produkt\/dagmar\/","title":{"rendered":"Dagmar"},"content":{"rendered":"<p style=\"text-align: left;\"><b><span data-contrast=\"auto\">Material &amp; Pflegehinweis:<\/span><\/b><span data-ccp-props=\"{&quot;201341983&quot;:0,&quot;335559739&quot;:160,&quot;335559740&quot;:259}\">\u00a0<\/span><\/p>\n<p style=\"text-align: left;\"><span data-contrast=\"auto\">Obermaterial:<\/span> Echtleder<\/p>\n<p style=\"text-align: left;\"><span data-contrast=\"auto\">F\u00fctterungsdicke:<\/span><span data-ccp-props=\"{&quot;201341983&quot;:0,&quot;335559739&quot;:160,&quot;335559740&quot;:259}\"> kalt gef\u00fcttert<\/span><\/p>\n<p style=\"text-align: left;\"><span data-contrast=\"auto\">Pflegehinweis: Evtl. Impr\u00e4gnieren<\/span><span data-ccp-props=\"{&quot;201341983&quot;:0,&quot;335559739&quot;:160,&quot;335559740&quot;:259}\">\u00a0<\/span><\/p>\n<p style=\"text-align: left;\"><b><span data-contrast=\"auto\">Produktinfos:<\/span><\/b><span data-contrast=\"auto\">\u00a0<\/span><span data-ccp-props=\"{&quot;201341983&quot;:0,&quot;335559739&quot;:160,&quot;335559740&quot;:259}\">\u00a0<\/span><\/p>\n<p style=\"text-align: left;\"><span data-contrast=\"auto\">Schnitt:<\/span><span data-ccp-props=\"{&quot;201341983&quot;:0,&quot;335559739&quot;:160,&quot;335559740&quot;:259}\"> normal &#8211; breiter<\/span><\/p>\n<p style=\"text-align: left;\"><span data-contrast=\"auto\">Schuhspitze:<\/span><span data-ccp-props=\"{&quot;201341983&quot;:0,&quot;335559739&quot;:160,&quot;335559740&quot;:259}\"> rund<\/span><\/p>\n<p style=\"text-align: left;\"><span data-contrast=\"auto\">Absatz:<\/span><span data-ccp-props=\"{&quot;201341983&quot;:0,&quot;335559739&quot;:160,&quot;335559740&quot;:259}\"> 2cm<\/span><\/p>\n<p style=\"text-align: left;\"><span data-contrast=\"auto\">Verschluss:<\/span><span data-ccp-props=\"{&quot;201341983&quot;:0,&quot;335559739&quot;:160,&quot;335559740&quot;:259}\"> Schn\u00fcrung<\/span><\/p>\n<p style=\"text-align: left;\"><span data-contrast=\"auto\">Funktionalit\u00e4t: rutschhemmende Sohle, Fu\u00dfbett herausnehmbar, wird bei vielem Tragen weiter<\/span><\/p>\n<p><span data-contrast=\"auto\">Funktionalit\u00e4t: \u00e4hnlich wie Barfu\u00df Schuhe (aber mit Fu\u00dfbett)\u00a0<\/span><\/p>\n<p style=\"text-align: left;\">Details: perfekt f\u00fcr Hallux Kunden bzw. Kunden mit breiteren F\u00fc\u00dfen<\/p>\n<ul>\n<li>Schuhweite G-Weite<\/li>\n<li>Verschluss Schn\u00fcrung<\/li>\n<li>Wechselfussbett ja<\/li>\n<li>Ledertyp (Tier) Rind<\/li>\n<\/ul>\n<p style=\"text-align: left;\">Farben: wei\u00df &amp; dunkelblau<\/p>\n<p style=\"text-align: left;\"><strong><u>Ma\u00dfe:\u00a0<\/u><\/strong><\/p>\n<p style=\"text-align: left;\"><strong>L\u00e4nge\/Breite an der Sohle unten gemessen!!<\/strong><\/p>\n<table class=\" alignleft\" style=\"border-collapse: collapse; width: 180pt;\" border=\"0\" width=\"240\" cellspacing=\"0\" cellpadding=\"0\">\n<tbody>\n<tr style=\"height: 15.0pt;\">\n<td class=\"xl65\" style=\"height: 15.0pt; width: 60pt;\" width=\"80\" height=\"20\">38<\/td>\n<td style=\"width: 60pt;\" width=\"80\">26,7cm<\/td>\n<td style=\"width: 60pt;\" width=\"80\">9,5cm<\/td>\n<\/tr>\n<tr style=\"height: 15.0pt;\">\n<td class=\"xl65\" style=\"height: 15.0pt;\" height=\"20\">39<\/td>\n<td>27,9cm<\/td>\n<td>9,6cm<\/td>\n<\/tr>\n<tr style=\"height: 15.0pt;\">\n<td class=\"xl65\" style=\"height: 15.0pt;\" height=\"20\">40<\/td>\n<td>29cm<\/td>\n<td>10,2cm<\/td>\n<\/tr>\n<tr style=\"height: 15.0pt;\">\n<td class=\"xl65\" style=\"height: 15.0pt;\" height=\"20\"><\/td>\n<td><\/td>\n<td><\/td>\n<\/tr>\n<\/tbody>\n<\/table>\n<p>&nbsp;<\/p>\n<p>&nbsp;<\/p>\n<p>&nbsp;<\/p>\n<p>&nbsp;<\/p>\n<p>&nbsp;<\/p>\n<p style=\"text-align: left;\"><strong>ACHTUNG:<\/strong><\/p>\n<p style=\"text-align: left;\"><strong>Nicht lagernde Gr\u00f6\u00dfen werden im Andrea Conti Lager bestellt.<\/strong><\/p>\n<p style=\"text-align: left;\"><strong>L\u00e4ngere Lieferzeit beachten!<\/strong><\/p>\n<p style=\"text-align: left;\"><strong>Sollte die Gr\u00f6\u00dfe im Andrea Conti Lager nicht mehr bestellt werden k\u00f6nnen, kommt eine zus\u00e4tzliche Info.<\/strong><\/p>\n","protected":false},"excerpt":{"rendered":"<p>Material &amp; Pflegehinweis:\u00a0 Obermaterial: Echtleder F\u00fctterungsdicke: kalt gef\u00fcttert Pflegehinweis: Evtl. Impr\u00e4gnieren\u00a0 Produktinfos:\u00a0\u00a0 Schnitt: normal &#8211; breiter Schuhspitze: rund Absatz: 2cm Verschluss: Schn\u00fcrung Funktionalit\u00e4t: rutschhemmende Sohle, Fu\u00dfbett herausnehmbar, wird bei vielem Tragen weiter Funktionalit\u00e4t: \u00e4hnlich wie Barfu\u00df Schuhe (aber mit Fu\u00dfbett)\u00a0 Details: perfekt f\u00fcr Hallux Kunden bzw. Kunden mit breiteren F\u00fc\u00dfen&hellip; <\/p>\n","protected":false},"featured_media":2528,"template":"","meta":[],"product_brand":[124],"product_cat":[123,77,113,94],"product_tag":[91,118,89,90,96],"class_list":{"0":"post-2476","1":"product","2":"type-product","3":"status-publish","4":"has-post-thumbnail","6":"product_brand-andrea-conti","7":"product_cat-andrea-conti","8":"product_cat-damen","9":"product_cat-echtleder","10":"product_cat-sneaker","11":"product_tag-damen","12":"product_tag-echtleder","13":"product_tag-schuh","14":"product_tag-schuhe","15":"product_tag-sneaker","17":"first","18":"instock","19":"shipping-taxable","20":"purchasable","21":"product-type-variable"},"yoast_head":"<!-- This site is optimized with the Yoast SEO plugin v27.3 - https:\/\/yoast.com\/product\/yoast-seo-wordpress\/ -->\n<title>Dagmar - MacJes Fashion<\/title>\n<meta name=\"robots\" content=\"index, follow, max-snippet:-1, max-image-preview:large, max-video-preview:-1\" \/>\n<link rel=\"canonical\" href=\"https:\/\/shop.macjes-fashion.at\/index.php\/produkt\/dagmar\/\" \/>\n<meta property=\"og:locale\" content=\"de_DE\" \/>\n<meta property=\"og:type\" content=\"article\" \/>\n<meta property=\"og:title\" content=\"Dagmar - MacJes Fashion\" \/>\n<meta property=\"og:description\" content=\"Material &amp; Pflegehinweis:\u00a0 Obermaterial: Echtleder F\u00fctterungsdicke: kalt gef\u00fcttert Pflegehinweis: Evtl. Impr\u00e4gnieren\u00a0 Produktinfos:\u00a0\u00a0 Schnitt: normal &#8211; breiter Schuhspitze: rund Absatz: 2cm Verschluss: Schn\u00fcrung Funktionalit\u00e4t: rutschhemmende Sohle, Fu\u00dfbett herausnehmbar, wird bei vielem Tragen weiter Funktionalit\u00e4t: \u00e4hnlich wie Barfu\u00df Schuhe (aber mit Fu\u00dfbett)\u00a0 Details: perfekt f\u00fcr Hallux Kunden bzw. Kunden mit breiteren F\u00fc\u00dfen&hellip;\" \/>\n<meta property=\"og:url\" content=\"https:\/\/shop.macjes-fashion.at\/index.php\/produkt\/dagmar\/\" \/>\n<meta property=\"og:site_name\" content=\"MacJes Fashion\" \/>\n<meta property=\"article:modified_time\" content=\"2026-04-14T10:43:31+00:00\" \/>\n<meta property=\"og:image\" content=\"https:\/\/shop.macjes-fashion.at\/wp-content\/uploads\/2026\/04\/Dagmar-1024x1024.png\" \/>\n\t<meta property=\"og:image:width\" content=\"1024\" \/>\n\t<meta property=\"og:image:height\" content=\"1024\" \/>\n\t<meta property=\"og:image:type\" content=\"image\/png\" \/>\n<meta name=\"twitter:card\" content=\"summary_large_image\" \/>\n<meta name=\"twitter:label1\" content=\"Gesch\u00e4tzte Lesezeit\" \/>\n\t<meta name=\"twitter:data1\" content=\"1\u00a0Minute\" \/>\n<script type=\"application\/ld+json\" class=\"yoast-schema-graph\">{\"@context\":\"https:\\\/\\\/schema.org\",\"@graph\":[{\"@type\":\"WebPage\",\"@id\":\"https:\\\/\\\/shop.macjes-fashion.at\\\/index.php\\\/produkt\\\/dagmar\\\/\",\"url\":\"https:\\\/\\\/shop.macjes-fashion.at\\\/index.php\\\/produkt\\\/dagmar\\\/\",\"name\":\"Dagmar - MacJes Fashion\",\"isPartOf\":{\"@id\":\"https:\\\/\\\/shop.macjes-fashion.at\\\/#website\"},\"primaryImageOfPage\":{\"@id\":\"https:\\\/\\\/shop.macjes-fashion.at\\\/index.php\\\/produkt\\\/dagmar\\\/#primaryimage\"},\"image\":{\"@id\":\"https:\\\/\\\/shop.macjes-fashion.at\\\/index.php\\\/produkt\\\/dagmar\\\/#primaryimage\"},\"thumbnailUrl\":\"https:\\\/\\\/shop.macjes-fashion.at\\\/wp-content\\\/uploads\\\/2026\\\/04\\\/Dagmar.png\",\"datePublished\":\"2026-04-14T10:10:19+00:00\",\"dateModified\":\"2026-04-14T10:43:31+00:00\",\"breadcrumb\":{\"@id\":\"https:\\\/\\\/shop.macjes-fashion.at\\\/index.php\\\/produkt\\\/dagmar\\\/#breadcrumb\"},\"inLanguage\":\"de\",\"potentialAction\":[{\"@type\":\"ReadAction\",\"target\":[\"https:\\\/\\\/shop.macjes-fashion.at\\\/index.php\\\/produkt\\\/dagmar\\\/\"]}]},{\"@type\":\"ImageObject\",\"inLanguage\":\"de\",\"@id\":\"https:\\\/\\\/shop.macjes-fashion.at\\\/index.php\\\/produkt\\\/dagmar\\\/#primaryimage\",\"url\":\"https:\\\/\\\/shop.macjes-fashion.at\\\/wp-content\\\/uploads\\\/2026\\\/04\\\/Dagmar.png\",\"contentUrl\":\"https:\\\/\\\/shop.macjes-fashion.at\\\/wp-content\\\/uploads\\\/2026\\\/04\\\/Dagmar.png\",\"width\":2048,\"height\":2048},{\"@type\":\"BreadcrumbList\",\"@id\":\"https:\\\/\\\/shop.macjes-fashion.at\\\/index.php\\\/produkt\\\/dagmar\\\/#breadcrumb\",\"itemListElement\":[{\"@type\":\"ListItem\",\"position\":1,\"name\":\"Home\",\"item\":\"https:\\\/\\\/shop.macjes-fashion.at\\\/\"},{\"@type\":\"ListItem\",\"position\":2,\"name\":\"Shop\",\"item\":\"https:\\\/\\\/shop.macjes-fashion.at\\\/index.php\\\/shop-2\\\/\"},{\"@type\":\"ListItem\",\"position\":3,\"name\":\"Dagmar\"}]},{\"@type\":\"WebSite\",\"@id\":\"https:\\\/\\\/shop.macjes-fashion.at\\\/#website\",\"url\":\"https:\\\/\\\/shop.macjes-fashion.at\\\/\",\"name\":\"MacJes Fashion\",\"description\":\"Feel Your Style\",\"publisher\":{\"@id\":\"https:\\\/\\\/shop.macjes-fashion.at\\\/#organization\"},\"potentialAction\":[{\"@type\":\"SearchAction\",\"target\":{\"@type\":\"EntryPoint\",\"urlTemplate\":\"https:\\\/\\\/shop.macjes-fashion.at\\\/?s={search_term_string}\"},\"query-input\":{\"@type\":\"PropertyValueSpecification\",\"valueRequired\":true,\"valueName\":\"search_term_string\"}}],\"inLanguage\":\"de\"},{\"@type\":\"Organization\",\"@id\":\"https:\\\/\\\/shop.macjes-fashion.at\\\/#organization\",\"name\":\"MacJes Fashion\",\"url\":\"https:\\\/\\\/shop.macjes-fashion.at\\\/\",\"logo\":{\"@type\":\"ImageObject\",\"inLanguage\":\"de\",\"@id\":\"https:\\\/\\\/shop.macjes-fashion.at\\\/#\\\/schema\\\/logo\\\/image\\\/\",\"url\":\"https:\\\/\\\/shop.macjes-fashion.at\\\/wp-content\\\/uploads\\\/2026\\\/02\\\/cropped-cropped-mjf_negativ-1.jpg\",\"contentUrl\":\"https:\\\/\\\/shop.macjes-fashion.at\\\/wp-content\\\/uploads\\\/2026\\\/02\\\/cropped-cropped-mjf_negativ-1.jpg\",\"width\":512,\"height\":512,\"caption\":\"MacJes Fashion\"},\"image\":{\"@id\":\"https:\\\/\\\/shop.macjes-fashion.at\\\/#\\\/schema\\\/logo\\\/image\\\/\"}}]}<\/script>\n<!-- \/ Yoast SEO plugin. -->","yoast_head_json":{"title":"Dagmar - MacJes Fashion","robots":{"index":"index","follow":"follow","max-snippet":"max-snippet:-1","max-image-preview":"max-image-preview:large","max-video-preview":"max-video-preview:-1"},"canonical":"https:\/\/shop.macjes-fashion.at\/index.php\/produkt\/dagmar\/","og_locale":"de_DE","og_type":"article","og_title":"Dagmar - MacJes Fashion","og_description":"Material &amp; Pflegehinweis:\u00a0 Obermaterial: Echtleder F\u00fctterungsdicke: kalt gef\u00fcttert Pflegehinweis: Evtl. Impr\u00e4gnieren\u00a0 Produktinfos:\u00a0\u00a0 Schnitt: normal &#8211; breiter Schuhspitze: rund Absatz: 2cm Verschluss: Schn\u00fcrung Funktionalit\u00e4t: rutschhemmende Sohle, Fu\u00dfbett herausnehmbar, wird bei vielem Tragen weiter Funktionalit\u00e4t: \u00e4hnlich wie Barfu\u00df Schuhe (aber mit Fu\u00dfbett)\u00a0 Details: perfekt f\u00fcr Hallux Kunden bzw. Kunden mit breiteren F\u00fc\u00dfen&hellip;","og_url":"https:\/\/shop.macjes-fashion.at\/index.php\/produkt\/dagmar\/","og_site_name":"MacJes Fashion","article_modified_time":"2026-04-14T10:43:31+00:00","og_image":[{"width":1024,"height":1024,"url":"https:\/\/shop.macjes-fashion.at\/wp-content\/uploads\/2026\/04\/Dagmar-1024x1024.png","type":"image\/png"}],"twitter_card":"summary_large_image","twitter_misc":{"Gesch\u00e4tzte Lesezeit":"1\u00a0Minute"},"schema":{"@context":"https:\/\/schema.org","@graph":[{"@type":"WebPage","@id":"https:\/\/shop.macjes-fashion.at\/index.php\/produkt\/dagmar\/","url":"https:\/\/shop.macjes-fashion.at\/index.php\/produkt\/dagmar\/","name":"Dagmar - MacJes Fashion","isPartOf":{"@id":"https:\/\/shop.macjes-fashion.at\/#website"},"primaryImageOfPage":{"@id":"https:\/\/shop.macjes-fashion.at\/index.php\/produkt\/dagmar\/#primaryimage"},"image":{"@id":"https:\/\/shop.macjes-fashion.at\/index.php\/produkt\/dagmar\/#primaryimage"},"thumbnailUrl":"https:\/\/shop.macjes-fashion.at\/wp-content\/uploads\/2026\/04\/Dagmar.png","datePublished":"2026-04-14T10:10:19+00:00","dateModified":"2026-04-14T10:43:31+00:00","breadcrumb":{"@id":"https:\/\/shop.macjes-fashion.at\/index.php\/produkt\/dagmar\/#breadcrumb"},"inLanguage":"de","potentialAction":[{"@type":"ReadAction","target":["https:\/\/shop.macjes-fashion.at\/index.php\/produkt\/dagmar\/"]}]},{"@type":"ImageObject","inLanguage":"de","@id":"https:\/\/shop.macjes-fashion.at\/index.php\/produkt\/dagmar\/#primaryimage","url":"https:\/\/shop.macjes-fashion.at\/wp-content\/uploads\/2026\/04\/Dagmar.png","contentUrl":"https:\/\/shop.macjes-fashion.at\/wp-content\/uploads\/2026\/04\/Dagmar.png","width":2048,"height":2048},{"@type":"BreadcrumbList","@id":"https:\/\/shop.macjes-fashion.at\/index.php\/produkt\/dagmar\/#breadcrumb","itemListElement":[{"@type":"ListItem","position":1,"name":"Home","item":"https:\/\/shop.macjes-fashion.at\/"},{"@type":"ListItem","position":2,"name":"Shop","item":"https:\/\/shop.macjes-fashion.at\/index.php\/shop-2\/"},{"@type":"ListItem","position":3,"name":"Dagmar"}]},{"@type":"WebSite","@id":"https:\/\/shop.macjes-fashion.at\/#website","url":"https:\/\/shop.macjes-fashion.at\/","name":"MacJes Fashion","description":"Feel Your Style","publisher":{"@id":"https:\/\/shop.macjes-fashion.at\/#organization"},"potentialAction":[{"@type":"SearchAction","target":{"@type":"EntryPoint","urlTemplate":"https:\/\/shop.macjes-fashion.at\/?s={search_term_string}"},"query-input":{"@type":"PropertyValueSpecification","valueRequired":true,"valueName":"search_term_string"}}],"inLanguage":"de"},{"@type":"Organization","@id":"https:\/\/shop.macjes-fashion.at\/#organization","name":"MacJes Fashion","url":"https:\/\/shop.macjes-fashion.at\/","logo":{"@type":"ImageObject","inLanguage":"de","@id":"https:\/\/shop.macjes-fashion.at\/#\/schema\/logo\/image\/","url":"https:\/\/shop.macjes-fashion.at\/wp-content\/uploads\/2026\/02\/cropped-cropped-mjf_negativ-1.jpg","contentUrl":"https:\/\/shop.macjes-fashion.at\/wp-content\/uploads\/2026\/02\/cropped-cropped-mjf_negativ-1.jpg","width":512,"height":512,"caption":"MacJes Fashion"},"image":{"@id":"https:\/\/shop.macjes-fashion.at\/#\/schema\/logo\/image\/"}}]}},"_links":{"self":[{"href":"https:\/\/shop.macjes-fashion.at\/index.php\/wp-json\/wp\/v2\/product\/2476","targetHints":{"allow":["GET"]}}],"collection":[{"href":"https:\/\/shop.macjes-fashion.at\/index.php\/wp-json\/wp\/v2\/product"}],"about":[{"href":"https:\/\/shop.macjes-fashion.at\/index.php\/wp-json\/wp\/v2\/types\/product"}],"wp:featuredmedia":[{"embeddable":true,"href":"https:\/\/shop.macjes-fashion.at\/index.php\/wp-json\/wp\/v2\/media\/2528"}],"wp:attachment":[{"href":"https:\/\/shop.macjes-fashion.at\/index.php\/wp-json\/wp\/v2\/media?parent=2476"}],"wp:term":[{"taxonomy":"product_brand","embeddable":true,"href":"https:\/\/shop.macjes-fashion.at\/index.php\/wp-json\/wp\/v2\/product_brand?post=2476"},{"taxonomy":"product_cat","embeddable":true,"href":"https:\/\/shop.macjes-fashion.at\/index.php\/wp-json\/wp\/v2\/product_cat?post=2476"},{"taxonomy":"product_tag","embeddable":true,"href":"https:\/\/shop.macjes-fashion.at\/index.php\/wp-json\/wp\/v2\/product_tag?post=2476"}],"curies":[{"name":"wp","href":"https:\/\/api.w.org\/{rel}","templated":true}]}}